{"id":4594,"date":"2025-07-18T16:53:44","date_gmt":"2025-07-18T15:53:44","guid":{"rendered":"https:\/\/bcga74.fr\/accueil\/?page_id=4594"},"modified":"2025-11-09T22:48:38","modified_gmt":"2025-11-09T21:48:38","slug":"e-match-4-sur-realbridge","status":"publish","type":"page","link":"https:\/\/bcga74.fr\/accueil\/e-match-4-sur-realbridge\/","title":{"rendered":"e-Match\/4 sur Realbridge"},"content":{"rendered":"\n<p>le BCGA est associ\u00e9 avec plusieurs clubs amis pour vous proposer des e-Match\/4 sur Realbridge, <strong>HOMOLOGU\u00c9S FFB<\/strong> (Patton Suisse, 6 positions de 4 donnes, inscriptions en \u00e9quipes de 4 \u00e0 6). Le groupement des 12 clubs a pris le nom d&rsquo;<strong>Alliance RealBridge \/4<\/strong>.\u00a0<a href=\"http:\/\/bcga74.fr\/wp-content\/uploads\/2025\/07\/logo2.png\"><br \/><img loading=\"lazy\" decoding=\"async\" class=\"\" src=\"http:\/\/bcga74.fr\/wp-content\/uploads\/2025\/07\/logo2.png\" width=\"181\" height=\"181\" \/><br \/><\/a><\/p>\n<p>(document d&rsquo;<a href=\"http:\/\/bcga74.fr\/wp-content\/uploads\/2025\/08\/AIDE-POUR-LES-NOUVEAUX-JOUEURS.pdf\">AIDE POUR LES NOUVEAUX JOUEURS<\/a>\u00a0avant leur premier tournoi)<\/p>\n<p><br \/>Les inscriptions se font sur le site FFB, rubrique Calendrier \/ Festivals, tous les e-Match\/4 sont propos\u00e9s par mois dans l&rsquo;ordre chronologique. Ils suivent tous la m\u00eame organisation avec des arbitres tr\u00e8s exp\u00e9riment\u00e9s.\u00a0<br \/>Un groupe WhatsApp est utilis\u00e9 (186 membres au 30 septembre 2025) pour vous aider \u00e0 trouver un partenaire ou une paire, afin de constituer une \u00e9quipe. Pour rejoindre le groupe WhatsApp : cliquez sur <a href=\"https:\/\/chat.whatsapp.com\/ICdpEL1XNKl55Deb6ZJ9xE\"><strong>LIEN<\/strong><\/a><br \/><br \/>Voici les cr\u00e9neaux et les clubs associ\u00e9s, le soir \u00e0 20h15, ou l&rsquo;apr\u00e8s-midi \u00e0 14h (vous pouvez cliquer sur <a href=\"http:\/\/bcga74.fr\/wp-content\/uploads\/2025\/10\/Creneaux-Alliance-version-1b.pdf\"><strong>CR\u00c9NEAUX<\/strong><\/a>):\u00a0<\/p>\n<ul>\n<li><strong>SOIRS 20h15<\/strong>\n<ul>\n<li>lundis soirs : rotation \u00e0 3, Annecy, Nancy-Jarville, Valence\u00a0<\/li>\n<li>mardis soirs : rotation \u00e0 3, Tours, Tours, Divonne, Thonon\u00a0<\/li>\n<li>mercredis soirs : le 1er mercredi les Lyonnais, le 2\u00e8me Tours, le 3\u00e8me Pays de Nay, dernier mercredi du mois GABO Olivet (<em>sauf 31\/12 remplac\u00e9 par 17\/12)<\/em><\/li>\n<li>jeudis soirs : le 1er Tours, le 2\u00e8me Quai Ann\u00e9cien des Jeunes Bridgeurs (QAJB), le 3\u00e8me Nancy-Jarville, le 4\u00e8me QAJB, le 5\u00e8me (si il existe) Nancy-Jarville<\/li>\n<li>vendredis soirs : rotation \u00e0 3, Annecy, Nancy-Jarville, Valence\u00a0<\/li>\n<li>samedis soirs : le 1er samedi Valence ou Chamb\u00e9ry, le 2\u00e8me et le 3\u00e8me samedi Tours, le 5\u00e8me (si il existe) Divonne<\/li>\n<li>dimanches soirs : rotation \u00e0 4, Annecy, AIWC Gen\u00e8ve, Nancy-Jarville, Valence<br \/><br \/><\/li>\n<\/ul>\n<\/li>\n<li><strong>APRES-MIDIS 14h00<\/strong>\u00a0\n<ul>\n<li>lundis : rotation \u00e0 4, AIWC Gen\u00e8ve, Annecy, Tours, Chamb\u00e9ry<\/li>\n<li>mercredis : rotation \u00e0 4, Tours, Valence, AIWC Gen\u00e8ve, Annecy\u00a0<\/li>\n<li>samedis : Tours, et parfois AIWC Gen\u00e8ve ou Valence<\/li>\n<li>dimanches : Tours, sauf exceptions (c&rsquo;est alors Valence ou Divonne)<\/li>\n<\/ul>\n<\/li>\n<\/ul>\n<p>Les 14 clubs de l&rsquo;Alliance Realbridge \/4<\/p>\n<ul>\n<li>Bridge Club Du Grand Annecy<\/li>\n<li>Cercle de Bridge de Caluire<\/li>\n<li>Cercle de Bridge Chamb\u00e9rien<\/li>\n<li>Divonne Bridge Club<\/li>\n<li>AIWC Gen\u00e8ve<\/li>\n<li>Bridge Club Nancy-Jarville<\/li>\n<li>GABO Olivet<\/li>\n<li>Bridge Club du Pays de Nay<\/li>\n<li>Quai Ann\u00e9cien des Jeunes Bridgeurs (QAJB)<\/li>\n<li>Roanne Bridge Club<\/li>\n<li>Le Rouge et le Noir<\/li>\n<li>Bridge Club Thonon<\/li>\n<li>Bridge Club de Tours<\/li>\n<li>Valence Bridge Club<\/li>\n<\/ul>\n<p>Les clubs de l&rsquo;Alliance organisent aussi des tournois par paires en ligne, toutes les infos en cliquant sur <a href=\"http:\/\/bcga74.fr\/wp-content\/uploads\/2025\/10\/Tournois-par-Paires-des-clubs-de-l-Alliance-version-2.pdf\"><strong>\u00ab\u00a0LES TOURNOIS PAR PAIRES\u00a0\u00bb<\/strong><\/a><\/p>\n\n\n","protected":false},"excerpt":{"rendered":"<p>le BCGA est associ\u00e9 avec plusieurs clubs amis pour vous proposer des e-Match\/4 sur Realbridge, HOMOLOGU\u00c9S FFB (Patton Suisse, 6 positions de 4 donnes, inscriptions en \u00e9quipes de 4 \u00e0 6). Le groupement des 12 clubs a pris le nom d&rsquo;Alliance RealBridge \/4.\u00a0 (document d&rsquo;AIDE POUR LES NOUVEAUX JOUEURS\u00a0avant leur premier tournoi) Les inscriptions se &hellip; <\/p>\n<p><a class=\"more-link btn\" href=\"https:\/\/bcga74.fr\/accueil\/e-match-4-sur-realbridge\/\">Lire la suite<\/a><\/p>\n","protected":false},"author":4,"featured_media":0,"parent":0,"menu_order":0,"comment_status":"closed","ping_status":"closed","template":"","meta":{"footnotes":""},"class_list":["post-4594","page","type-page","status-publish","hentry","nodate","item-wrap"],"_links":{"self":[{"href":"https:\/\/bcga74.fr\/accueil\/wp-json\/wp\/v2\/pages\/4594","targetHints":{"allow":["GET"]}}],"collection":[{"href":"https:\/\/bcga74.fr\/accueil\/wp-json\/wp\/v2\/pages"}],"about":[{"href":"https:\/\/bcga74.fr\/accueil\/wp-json\/wp\/v2\/types\/page"}],"author":[{"embeddable":true,"href":"https:\/\/bcga74.fr\/accueil\/wp-json\/wp\/v2\/users\/4"}],"replies":[{"embeddable":true,"href":"https:\/\/bcga74.fr\/accueil\/wp-json\/wp\/v2\/comments?post=4594"}],"version-history":[{"count":47,"href":"https:\/\/bcga74.fr\/accueil\/wp-json\/wp\/v2\/pages\/4594\/revisions"}],"predecessor-version":[{"id":4733,"href":"https:\/\/bcga74.fr\/accueil\/wp-json\/wp\/v2\/pages\/4594\/revisions\/4733"}],"wp:attachment":[{"href":"https:\/\/bcga74.fr\/accueil\/wp-json\/wp\/v2\/media?parent=4594"}],"curies":[{"name":"wp","href":"https:\/\/api.w.org\/{rel}","templated":true}]}}