{"id":3496,"date":"2022-10-21T11:13:14","date_gmt":"2022-10-21T10:13:14","guid":{"rendered":"http:\/\/bcga74.fr\/accueil\/?page_id=3496"},"modified":"2022-10-25T09:41:09","modified_gmt":"2022-10-25T08:41:09","slug":"competitions","status":"publish","type":"page","link":"https:\/\/bcga74.fr\/accueil\/competitions\/","title":{"rendered":"Comp\u00e9titions"},"content":{"rendered":"\n<h1 style=\"text-align: center;\">Comp\u00e9titions<\/h1>\n<p>La saison est \u00e0 peine commenc\u00e9e que le B.C.G.A enregistre d\u00e9j\u00e0 d&rsquo;excellents r\u00e9sultats. Vous pourrez les retrouver r\u00e9guli\u00e8remet sur cette page o\u00f9 ils seront class\u00e9s par mois, avec des liens permettant d&rsquo;acc\u00e9der \u00e0 l&rsquo;article de chaque finale jou\u00e9e.<\/p>\n<h2>Septembre:<\/h2>\n<p><a href=\"https:\/\/bcga74.fr\/accueil\/finale-comite-trophee-de-france-2\/\" target=\"_blank\" rel=\"noopener\">Finale de comit\u00e9 du Troph\u00e9e de France:\u00a0<\/a><\/p>\n<h2>Octobre:<\/h2>\n<p><a href=\"https:\/\/bcga74.fr\/accueil\/finale-de-comite-open-par-4-excellence\/\" target=\"_blank\" rel=\"noopener\">Finale de comit\u00e9 Open par 4 Excellence<\/a><\/p>\n<p><a href=\"https:\/\/bcga74.fr\/accueil\/finale-de-comite-coupe-de-france-2022\/\" target=\"_blank\" rel=\"noopener\">Finale de comit\u00e9 Coupe de France 2022<\/a><\/p>\n<p><a href=\"https:\/\/bcga74.fr\/accueil\/finale-de-ligue-trophee-de-france\/\" target=\"_blank\" rel=\"noopener\">Finale de ligue du Troph\u00e9e de France<\/a><\/p>\n<p>\u00a0<\/p>\n<p>\u00a0<\/p>\n<p>\u00a0<\/p>\n<p>\u00a0<\/p>\n","protected":false},"excerpt":{"rendered":"<p>Comp\u00e9titions La saison est \u00e0 peine commenc\u00e9e que le B.C.G.A enregistre d\u00e9j\u00e0 d&rsquo;excellents r\u00e9sultats. Vous pourrez les retrouver r\u00e9guli\u00e8remet sur cette page o\u00f9 ils seront class\u00e9s par mois, avec des liens permettant d&rsquo;acc\u00e9der \u00e0 l&rsquo;article de chaque finale jou\u00e9e. Septembre: Finale de comit\u00e9 du Troph\u00e9e de France:\u00a0 Octobre: Finale de comit\u00e9 Open par 4 Excellence &hellip; <\/p>\n<p><a class=\"more-link btn\" href=\"https:\/\/bcga74.fr\/accueil\/competitions\/\">Lire la suite<\/a><\/p>\n","protected":false},"author":236,"featured_media":0,"parent":0,"menu_order":0,"comment_status":"closed","ping_status":"closed","template":"","meta":{"footnotes":""},"class_list":["post-3496","page","type-page","status-publish","hentry","nodate","item-wrap"],"_links":{"self":[{"href":"https:\/\/bcga74.fr\/accueil\/wp-json\/wp\/v2\/pages\/3496","targetHints":{"allow":["GET"]}}],"collection":[{"href":"https:\/\/bcga74.fr\/accueil\/wp-json\/wp\/v2\/pages"}],"about":[{"href":"https:\/\/bcga74.fr\/accueil\/wp-json\/wp\/v2\/types\/page"}],"author":[{"embeddable":true,"href":"https:\/\/bcga74.fr\/accueil\/wp-json\/wp\/v2\/users\/236"}],"replies":[{"embeddable":true,"href":"https:\/\/bcga74.fr\/accueil\/wp-json\/wp\/v2\/comments?post=3496"}],"version-history":[{"count":9,"href":"https:\/\/bcga74.fr\/accueil\/wp-json\/wp\/v2\/pages\/3496\/revisions"}],"predecessor-version":[{"id":3581,"href":"https:\/\/bcga74.fr\/accueil\/wp-json\/wp\/v2\/pages\/3496\/revisions\/3581"}],"wp:attachment":[{"href":"https:\/\/bcga74.fr\/accueil\/wp-json\/wp\/v2\/media?parent=3496"}],"curies":[{"name":"wp","href":"https:\/\/api.w.org\/{rel}","templated":true}]}}