{"id":23,"date":"2015-11-12T10:43:12","date_gmt":"2015-11-12T09:43:12","guid":{"rendered":"http:\/\/bcga74.fr\/?page_id=23"},"modified":"2022-10-23T12:32:41","modified_gmt":"2022-10-23T11:32:41","slug":"espace-adherents","status":"publish","type":"page","link":"https:\/\/bcga74.fr\/accueil\/espace-adherents\/","title":{"rendered":"Espace adh\u00e9rents"},"content":{"rendered":"Vous devez \u00eatre connect\u00e9 pour voir ce contenu.","protected":false},"excerpt":{"rendered":"Vous devez \u00eatre connect\u00e9 pour voir ce contenu.","protected":false},"author":1,"featured_media":0,"parent":0,"menu_order":70,"comment_status":"closed","ping_status":"closed","template":"","meta":{"footnotes":""},"class_list":["post-23","page","type-page","status-publish","hentry","nodate","item-wrap"],"_links":{"self":[{"href":"https:\/\/bcga74.fr\/accueil\/wp-json\/wp\/v2\/pages\/23","targetHints":{"allow":["GET"]}}],"collection":[{"href":"https:\/\/bcga74.fr\/accueil\/wp-json\/wp\/v2\/pages"}],"about":[{"href":"https:\/\/bcga74.fr\/accueil\/wp-json\/wp\/v2\/types\/page"}],"author":[{"embeddable":true,"href":"https:\/\/bcga74.fr\/accueil\/wp-json\/wp\/v2\/users\/1"}],"replies":[{"embeddable":true,"href":"https:\/\/bcga74.fr\/accueil\/wp-json\/wp\/v2\/comments?post=23"}],"version-history":[{"count":18,"href":"https:\/\/bcga74.fr\/accueil\/wp-json\/wp\/v2\/pages\/23\/revisions"}],"predecessor-version":[{"id":2800,"href":"https:\/\/bcga74.fr\/accueil\/wp-json\/wp\/v2\/pages\/23\/revisions\/2800"}],"wp:attachment":[{"href":"https:\/\/bcga74.fr\/accueil\/wp-json\/wp\/v2\/media?parent=23"}],"curies":[{"name":"wp","href":"https:\/\/api.w.org\/{rel}","templated":true}]}}