{"id":21,"date":"2015-11-12T10:40:00","date_gmt":"2015-11-12T09:40:00","guid":{"rendered":"http:\/\/bcga74.fr\/?page_id=21"},"modified":"2022-10-21T10:41:01","modified_gmt":"2022-10-21T09:41:01","slug":"ecole-de-bridge","status":"publish","type":"page","link":"https:\/\/bcga74.fr\/accueil\/ecole-de-bridge\/","title":{"rendered":"Ecole de Bridge"},"content":{"rendered":"<h1 style=\"text-align: center;\"><strong>ECOLE DE BRIDGE<\/strong><\/h1>\n<p>Une Ecole de Bridge a \u00e9t\u00e9 mise en place, sous la Direction de Jean-Herv\u00e9 Favre, Ma\u00eetre-Assistant \u00e0 la F\u00e9d\u00e9ration Fran\u00e7aise de Bridge, qui assure des cours de diff\u00e9rents niveaux pour les personnes ayant acquis quelques bases (niveau Perfectionnement 1, 2, 3, 3+, 3++&#8230;), Comp\u00e9tition, Haute-Comp\u00e9tition.<\/p>\n<p>Outre les diff\u00e9ren<a title=\"JHF Bridge\" href=\"http:\/\/bcga74.fr\/accueil\/jhf-bridge\/\" target=\"_blank\" rel=\"noopener\"><img loading=\"lazy\" decoding=\"async\" class=\" wp-image-2686 alignleft\" src=\"http:\/\/bcga74.fr\/wp-content\/uploads\/2021\/09\/jhf-269x300.jpg\" alt=\"\" width=\"255\" height=\"284\" srcset=\"https:\/\/bcga74.fr\/wp-content\/uploads\/2021\/09\/jhf-269x300.jpg 269w, https:\/\/bcga74.fr\/wp-content\/uploads\/2021\/09\/jhf-917x1024.jpg 917w, https:\/\/bcga74.fr\/wp-content\/uploads\/2021\/09\/jhf-768x858.jpg 768w, https:\/\/bcga74.fr\/wp-content\/uploads\/2021\/09\/jhf-600x670.jpg 600w, https:\/\/bcga74.fr\/wp-content\/uploads\/2021\/09\/jhf-1375x1536.jpg 1375w, https:\/\/bcga74.fr\/wp-content\/uploads\/2021\/09\/jhf-1834x2048.jpg 1834w, https:\/\/bcga74.fr\/wp-content\/uploads\/2021\/09\/jhf-750x838.jpg 750w\" sizes=\"auto, (max-width: 255px) 100vw, 255px\" \/><\/a>ts cours donn\u00e9s r\u00e9guli\u00e8rement le matin, des stages plus sp\u00e9cifiques sont r\u00e9guli\u00e8rement organis\u00e9s. Vous trouverez sur le calendrier ci-contre les sp\u00e9cificit\u00e9s de ces diff\u00e9rents stages. Si un stage est organis\u00e9, un horaire de d\u00e9but appara\u00eet sur le calendrier et vous aurez le d\u00e9tail du stage en cliquant sur cet \u00e9v\u00e9nement.<\/p>\n<p>Les cours d&rsquo;initiation pour d\u00e9butants, sont dispens\u00e9s par Sylvie Pascal (dipl\u00f4m\u00e9e du Monitorat de la FFB) et JHF.<\/p>\n<p>Cette initiation commence par 3 s\u00e9ances d&rsquo;essai-d\u00e9couverte ouvertes \u00e0 tout le monde. Apr\u00e8s ces 3 s\u00e9ances d&rsquo;essai, l&rsquo;initiation restera gratuite pour 15 s\u00e9ances suppl\u00e9mentaires, mais il faudra au pr\u00e9alable adh\u00e9rer au club, \u00e0 un tarif pr\u00e9f\u00e9rentiel. Rendez-vous pour cela sur la page <a href=\"http:\/\/bcga74.fr\/adhesions\/\" target=\"_blank\" rel=\"noopener noreferrer\">\u00ab\u00a0adh\u00e9sions\u00a0\u00bb<\/a><\/p>\n<p>N&rsquo;h\u00e9sitez pas non plus \u00e0 consulter les tous les articles relatifs \u00e0 cette \u00e9cole de bridge, qui seront publi\u00e9s r\u00e9guli\u00e8rement et auxquels vous pouvez acc\u00e9der depuis la page: \u00ab\u00a0<a href=\"http:\/\/bcga74.fr\/vie-du-club\/\" target=\"_blank\" rel=\"noopener noreferrer\">Vie du club\u00a0\u00bb.<\/a><\/p>\n<p>Enfin, vous pouvez aussi avoir plus de d\u00e9tails sur le fonctionnement complet de l&rsquo;\u00e9cole de bridge sur simple demande.<\/p>\n<p>Pour toute information compl\u00e9mentaire, n&rsquo;h\u00e9sitez pas \u00e0 poser votre question depuis la page\u00a0<a href=\"http:\/\/bcga74.fr\/contact\/\" target=\"_blank\" rel=\"noopener noreferrer\">contact<\/a><\/p>\n","protected":false},"excerpt":{"rendered":"<p>ECOLE DE BRIDGE Une Ecole de Bridge a \u00e9t\u00e9 mise en place, sous la Direction de Jean-Herv\u00e9 Favre, Ma\u00eetre-Assistant \u00e0 la F\u00e9d\u00e9ration Fran\u00e7aise de Bridge, qui assure des cours de diff\u00e9rents niveaux pour les personnes ayant acquis quelques bases (niveau Perfectionnement 1, 2, 3, 3+, 3++&#8230;), Comp\u00e9tition, Haute-Comp\u00e9tition. Outre les diff\u00e9rents cours donn\u00e9s r\u00e9guli\u00e8rement le &hellip; <\/p>\n<p><a class=\"more-link btn\" href=\"https:\/\/bcga74.fr\/accueil\/ecole-de-bridge\/\">Lire la suite<\/a><\/p>\n","protected":false},"author":1,"featured_media":0,"parent":0,"menu_order":20,"comment_status":"closed","ping_status":"closed","template":"","meta":{"footnotes":""},"class_list":["post-21","page","type-page","status-publish","hentry","nodate","item-wrap"],"_links":{"self":[{"href":"https:\/\/bcga74.fr\/accueil\/wp-json\/wp\/v2\/pages\/21","targetHints":{"allow":["GET"]}}],"collection":[{"href":"https:\/\/bcga74.fr\/accueil\/wp-json\/wp\/v2\/pages"}],"about":[{"href":"https:\/\/bcga74.fr\/accueil\/wp-json\/wp\/v2\/types\/page"}],"author":[{"embeddable":true,"href":"https:\/\/bcga74.fr\/accueil\/wp-json\/wp\/v2\/users\/1"}],"replies":[{"embeddable":true,"href":"https:\/\/bcga74.fr\/accueil\/wp-json\/wp\/v2\/comments?post=21"}],"version-history":[{"count":21,"href":"https:\/\/bcga74.fr\/accueil\/wp-json\/wp\/v2\/pages\/21\/revisions"}],"predecessor-version":[{"id":3492,"href":"https:\/\/bcga74.fr\/accueil\/wp-json\/wp\/v2\/pages\/21\/revisions\/3492"}],"wp:attachment":[{"href":"https:\/\/bcga74.fr\/accueil\/wp-json\/wp\/v2\/media?parent=21"}],"curies":[{"name":"wp","href":"https:\/\/api.w.org\/{rel}","templated":true}]}}